of l(8)?
4
What is the units digit of 58*(-6)/(-21)*1141?
8
Let j = 3103 - -2472. What is the hundreds digit of j?
5
What is the tens digit of ((-11293)/3)/(((-2)/(-4))/((-36)/24))?
9
What is the tens digit of 1959*-4*72/48*8/(-3)?
4
Suppose -4*a + 3*a - 3*z + 10921 = 0, -2*a + 21830 = 3*z. Suppose 11387 = 12*n - a. What is the tens digit of n?
5
Suppose 4*i + 4*a - 64684 = 0, -i = -5*a - 5709 - 10504. What is the ten thousands digit of i?
1
Let h(v) = -v**2 + 23*v. Let x be h(23). Let m be -3 + x + 2 + 1 + -76. Let p = 131 + m. What is the units digit of p?
5
Let g(z) = -z**3 - 3*z**2 - 3*z - 19. Let s be g(-4). Suppose -s*y + 2278 = -3824. What is the hundreds digit of y?
6
Let w = 5038 + 2368. What is the thousands digit of w?
7
Let y(q) = -q**3 - 6*q**2 - q + 10. Let a(k) = -k**2 - 15*k - 19. Let t be a(-14). Let b be y(t). Let u = 17 - b. What is the tens digit of u?
2
Let n(z) = -3*z**2 - 12*z + 6. Let f(k) = 2*k**2 + 12*k - 5. Let l(o) = 4*f(o) + 3*n(o). Let u be l(-11). What is the units digit of -5 + u/(-3) - -3?
3
Suppose -3*m + 69 = 627. Let d = m + 345. What is the hundreds digit of d?
1
Suppose 2*d + 12 = 6*d. Suppose 4*j - c = 13, d*c - 9 = -3*j + 4*c. Suppose -1316 = -j*t - 3*t. What is the hundreds digit of t?
1
Let t = 46 - 74. Let u = 32 + t. Suppose -5*b + 81 = u*h, 2 + 17 = b - 2*h. What is the units digit of b?
7
Suppose 3*i - 2*c - 1477 = -254, i + c = 416. Let p = 486 - i. What is the tens digit of p?
7
Let u(k) = 8*k**2 + 518*k + 64. What is the thousands digit of u(-84)?
3
Let m(d) = -813*d**2 - 21*d + 12. Let v(b) = -3 + 19*b**2 - 72*b**2 + 256*b**2 - 5*b + 10*b. Let r(u) = 2*m(u) + 9*v(u). What is the tens digit of r(1)?
0
Suppose 34548 = 13*p - 20546. What is the tens digit of p?
3
Let s be -4*(13/(-10) - (-8)/10). Suppose -c = s*d - 138, 32 = 5*c + 12. What is the tens digit of d?
6
Suppose 2*f - 4951 = -y, -y - 18*f + 4969 = -22*f. What is the thousands digit of y?
4
Let k be (-4)/2*(-201)/3. Suppose -2*b - 5*j + 45 = -33, -j = -3*b + k. What is the units digit of (6/12)/(2/b)?
1
Let u = 54801 - 37989. What is the hundreds digit of u?
8
Suppose -6*s = -12*s + 552. Let q be 43861/s - (-2)/8. Suppose 5*o = -3*a + 178 + 216, -4*a + 3*o + q = 0. What is the units digit of a?
3
Suppose -39 = -2*p - 29. Suppose 5*i - 2*q + 1685 = 5025, -i = p*q - 695. Suppose 3*o = -3*r + 501, r = -3*r - 2*o + i. What is the hundreds digit of r?
1
Let h(x) = x**2 - 3*x + 13. Let p be h(0). Let y(i) = -i + 17. Let g be y(p). What is the units digit of ((-140)/(-8)*3)/(3/g)?
0
Let p = 105 + -41. Let x = -62 + p. Suppose 4*v + 2*n = n + 475, -x*n - 10 = 0. What is the hundreds digit of v?
1
Let c be (0 - (0 + -3))/1. Let f be 4*(c - (0 - 1147/(-2))). What is the hundreds digit of f/(-28)*2/(0 + 1)?
1
Let m = 15 - 54. Let a = m + 57. Suppose 0 = -3*v + 120 + a. What is the tens digit of v?
4
Let d(v) = 5*v**2 - 11*v - 2318. What is the units digit of d(69)?
8
Let y(z) = -18*z**3 - z**2 - 16*z + 14. What is the thousands digit of y(-4)?
1
Let t be (-223 - 3)/(3*(-3)/(-63)). Let h = 2642 + t. What is the hundreds digit of h?
0
Let w(k) = 8*k + 306. Let n be w(-38). What is the tens digit of 401 + n + (-11 - -7)?
9
Suppose -188 = -4*o + 6*l - 4*l, 3*l = 4*o - 192. Suppose 0 = -o*d + 24*d + 16359. What is the units digit of d?
9
Let p be (-324)/(-8)*(-116)/6. Let g be (p - 0/(-4)) + -3. What is the tens digit of g/(-4)*10/15 - 3?
2
Let n(i) = -8*i + 7. Let s be n(2). What is the thousands digit of 1303 + (-72)/s + -1?
1
Let o(z) = -2*z**2 + 27*z - 90. Let q(m) = 3*m**2 - 28*m + 88. Let a(k) = 5*o(k) + 4*q(k). What is the units digit of a(12)?
6
Let t = 408 + -779. Let s = t + 644. What is the hundreds digit of s?
2
Let v(q) = q**2 - q + 11. Let g(w) = -2*w - 32. Let r be g(-14). Let a(y) = -y + 11. Let p(u) = r*a(u) + 3*v(u). What is the tens digit of p(5)?
6
Let j(y) = 5*y + 88. Let d be j(-17). Suppose -4*m = -2*u - 1292, -3*m + 969 = -d*u + u. What is the tens digit of m?
2
Suppose -3*r + 21087 = 5*v, 4*r - 70*v + 67*v = 28116. What is the tens digit of r?
2
Let i(o) = -11340*o - 4443. What is the tens digit of i(-3)?
7
Let g be 347/5 + 10/(-25) - -3. Suppose -2*w = -3*w - 3*h + 72, 5*h = w - g. Let r = w + 47. What is the tens digit of r?
1
Let d = 4454 - 2990. What is the tens digit of d?
6
Suppose -305*p + 1541609 + 957323 = -6464103. What is the units digit of p?
7
Let j be ((-748)/51 - -15) + (-1132)/(-6). Suppose 0 = 3*q + d + d - 397, -2*q + 4*d = -286. Let p = j - q. What is the tens digit of p?
5
Suppose 1 = k + 2, 22 = -2*a + 4*k. What is the units digit of (a - -2)/(1 + (-150)/145)?
9
Suppose 7*w = 12*w + 90. What is the units digit of 495/(-6)*24/w - -4?
4
Suppose -7*a = -2*a - 10, -3*s = 2*a - 10. Suppose -2024 - 610 = -4*t + s*d, -2*t + 5*d = -1313. What is the tens digit of t?
5
Suppose r = -4*t + 1437, 414*r + 3*t = 417*r - 4251. What is the tens digit of r?
2
Let i be ((90/15)/(-3))/(2/2243). Let r = 3461 + i. What is the hundreds digit of r?
2
Suppose -3*i + 15 + 1 = 2*a, 5*i - 3*a - 14 = 0. Suppose 0 = -4*l + 12, 6*k - i*l + 680 = 7*k. What is the tens digit of k?
6
Let k(i) = 131*i - 566. What is the ten thousands digit of k(100)?
1
Suppose -2*g + 15 = -2*l + l, -4*l = 4*g - 48. Suppose -4*z + g*z = 20. Suppose 144 = z*b - u, 2*b + 2*u - 47 = 25. What is the tens digit of b?
3
Let f(z) = -2*z - 51. Let w(v) = -3*v - 103. Let k(p) = 5*f(p) - 2*w(p). Let y be k(-12). What is the tens digit of y - -2 - (12 - 182)?
7
Suppose 0 = 241*n - 267*n + 143468. What is the thousands digit of n?
5
Suppose 2*p - 106 = -0*p. Let k(h) = -h**3 + h**2 + 10*h - 1. Let t be k(-2). Let b = t + p. What is the units digit of b?
4
Suppose 511004 - 132152 = 46*h - 170480. What is the hundreds digit of h?
9
Let d = 14398 - 8984. What is the thousands digit of d?
5
Let x = 220 + 2483. What is the units digit of x?
3
Let m = 71021 - 42207. What is the thousands digit of m?
8
Suppose 15154 = j + 4*h, -3*h + 37806 = -8*j + 159248. What is the units digit of j?
8
Suppose -236*s = -241*s + 6990. Suppose -5*c - 283 = 5*k - s, -2*c = -2*k - 438. What is the tens digit of c?
2
Let q = 8814 - -7373. What is the tens digit of q?
8
Let s(c) = -c**2 - 9*c - 18. Let p be s(-4). Suppose 35 + 10 = 5*g - 3*u, -3*g - 4*u - p = 0. Let h(r) = 11*r + 29. What is the units digit of h(g)?
5
Let f(q) = 2*q**2 - 11*q - 18. Let g be f(7). Suppose c + 325 = g*h - 498, -3*h - 4*c + 818 = 0. What is the units digit of h?
4
Let j be 4/(-6)*(9 - (-15816)/(-16)). Let y = 1418 - j. What is the tens digit of y?
6
Suppose 3*k - 768 = 4*g - 5148, -3*g - 5*k + 3285 = 0. What is the thousands digit of g?
1
Let u be 0/(-3) + (-21 - -3). Let g be (87/u - -4)/((-4)/24). Suppose 0 = c - 2*t + 6*t - 197, 4*c - g*t - 704 = 0. What is the tens digit of c?
8
Let i = -536 - -284. Let l = 317 + i. What is the units digit of l?
5
Let r(m) = 24*m**2 - 13*m - 399. What is the hundreds digit of r(21)?
9
Let y = 286 + -282. Suppose -5*b = -y*m - 1448, -4*b + m + 1159 = -2*m. What is the units digit of b?
2
What is the ten thousands digit of 3469284/338 + (-6)/39?
1
Let h(f) = f**3 + 4*f**2 + 6*f + 9. Let v be h(-6). Let n be (0 - v/(-2))*10/(-15). Suppose 38*q - n*q = 160. What is the units digit of q?
2
Let x(r) = -144*r**3 - 43*r**2 - 5*r - 111. What is the units digit of x(-8)?
5
Let a(q) = 2*q. Let b(h) = -78*h**2 - 7*h + 89. Let j(p) = 5*a(p) - b(p). What is the hundreds digit of j(4)?
2
Let b(f) = -f + 8. Let y be b(6). Suppose 4*d + d + 16 = y*v, 0 = -5*v + d + 17. Suppose 2*g + 508 = v*w - 180, -228 = -w + 2*g. What is the tens digit of w?
3
Let s(x) = 353*x + 1215. What is the hundreds digit of s(12)?
4
Let x(a) = -4*a - 32. Let o be x(-5). What is the hundreds digit of ((o/18)/1)/(1/(-588))?
3
Suppose 0 = 4*v - 7*v + 399. Suppose 0 = -6*h + 3*h - 117. Let g = h + v. What is the tens digit of g?
9
Let x(k) = -k**2 - 6*k - 1. Let f = -62 + 57. Let q be x(f). Suppose 0 = -2*g - 2, -q*g = -4*t - g + 459. What is the units digit of t?
4
Let f(o) = -3*o + 20. Let y be f(8). Let k be 1/(10/y) - (-14)/35. Suppose 1008 = -k*p + 4*p. What is the hundreds digit of p?
2
Suppose 0 = 18*d - d - 111656. What is the hundreds digit of d?
5
Let m = -738 - -1757. Let b = 1446 - m. What is the tens digit 